et f(l) = -l**2 - 28*l - 44. Suppose 2*y + 2 = 0, 3*g + 71*y - 76*y = -73. Let k be f(g). What is the highest common divisor of 40 and k?
8
Let r(c) = 14*c**2 + 117*c + 1021. Let z be r(-9). Calculate the highest common factor of z and 493.
29
Let o = -17344 - -17348. Suppose -h - 14 = -5*y, -2*h + 3 + 5 = 2*y. Calculate the greatest common divisor of h and o.
1
Suppose 1 = 3*p - 2, 5*h = p + 774. Let n = -77 + h. What is the greatest common divisor of 12 and n?
6
Let h = -194 + 182. Let o be h/(-5)*410/123. Calculate the greatest common factor of 12 and o.
4
Suppose -x + w + 2625 = 0, 650 = 4*x - 5*w - 9853. What is the highest common divisor of x and 24?
6
Suppose -21 = 3*n, -16*k + 11*k = 5*n - 7390. What is the highest common divisor of k and 2205?
45
Let j(x) = x**3 - 5*x**2 - x - 29. Let n be j(6). Let r be (n*(-59)/(-2))/((-3)/(-18)). Calculate the highest common divisor of r and 236.
59
Let s(q) = -q**3 + 11*q**2 + 31*q + 179. Let m be s(13). Calculate the greatest common factor of 1159 and m.
61
Let x be (292/(-10))/(8/(-740)) - 36/12. Calculate the greatest common divisor of x and 3550.
142
Let n = -37734 + 38314. Suppose 2*t + 11 - 51 = 0. What is the highest common divisor of n and t?
20
Let y(k) = -225*k - 11069. Let p be y(-76). Calculate the highest common factor of 326 and p.
163
Suppose 25*y - 185460 = -40*y + 53740. Calculate the highest common divisor of 120 and y.
40
Let o(s) = -26*s - 5. Let k be o(-4). Let f = -226 - -96. Let g be 0 - f/4 - 1/(-2). What is the greatest common divisor of k and g?
33
Let l be 5896205/245 - (0 - 54/14 - -3). What is the highest common divisor of 82 and l?
41
Suppose 65 = -5*o - m + 156, -37 = -3*o - 5*m. Let f(j) = 19*j**2 + 6*j - 9. Let s be f(-8). What is the highest common divisor of o and s?
19
Let t be 1/(21/14*(-4 - (-3245)/810)). What is the highest common divisor of t and 225?
9
Let d be (-2)/(41/460 - 68/680). Calculate the greatest common divisor of 16468 and d.
92
Suppose -5*t = -0*t - 25. Let x be 93/t + 2/5. Suppose 5*g = i + 288, 39*g + 42 = 40*g + 5*i. What is the highest common divisor of g and x?
19
Let x(i) = -262*i - 11430. Let d be x(-44). What is the greatest common divisor of d and 7595?
49
Suppose -g - 5*m + 2*m = 15, 2*g = 2*m - 30. Let q be 1*(-15)/(g/5). Let o be -1 + q + -6 + 219. What is the highest common factor of o and 31?
31
Suppose 4*s - 5*p = -34, 0 = 5*s + 8*p - 4*p + 22. Let g be (3 - -16)/1 - (s - -7). Calculate the highest common factor of 102 and g.
6
Let j = 168 - 147. Suppose a - j = 56. What is the highest common divisor of 22 and a?
11
Let o = -41 + 106. Suppose 4*s = -8, 0*s - s = -3*l + o. Let y(g) = -g + 56. Let v be y(l). Calculate the highest common divisor of v and 7.
7
Let k = -419 - -239. Let p be (8*(-9)/k)/((-2)/(-30)). What is the greatest common divisor of p and 6?
6
Suppose -3*l = 20*l + 31*l - 108. Calculate the greatest common divisor of l and 61.
1
Let z = 26 + 84. Let q be 2/4 + ((-33)/(-6) - -5). Suppose -q*m + 12*m - 11 = 0. Calculate the greatest common divisor of z and m.
11
Let w = -417 + 435. Suppose 5*a - 324 = 3*a. What is the greatest common divisor of a and w?
18
Suppose 5*k = 2*k + j + 9, -2*j + 6 = 0. Suppose -540 = -5*m + 3*d, 3*m + 2*m + 3*d = 540. Calculate the highest common factor of k and m.
4
Let r(h) = 2*h**2 + 137*h - 307. Let g be r(-71). Suppose 5*a - 7 - 3 = 0. Suppose 0 = 3*b + a*b - 360. Calculate the greatest common factor of b and g.
24
Let z(c) = 28*c**2 + 14*c - 18. Let t be z(9). Suppose -7*i + t = 5*i. Suppose -m = -6*m + 90. Calculate the greatest common divisor of m and i.
18
Let p = 355 + -316. Suppose 0 = -19*l + p - 1. Calculate the greatest common factor of l and 146.
2
Let t(y) = 210*y - 3755. Let l be t(19). What is the highest common divisor of l and 85?
5
Let a be (-3504)/(-1314)*90/1. What is the highest common factor of 3930 and a?
30
Let x be (-17)/102 - (-73*(-2)/(-12) - -4). Let t = 1059 + -547. What is the greatest common divisor of t and x?
8
Let q(n) = n**3 - 148*n**2 - 1210*n + 260. Let x be q(156). Calculate the greatest common divisor of 1190 and x.
238
Suppose 3*b + 5*f - 122 = 762, 0 = -b + 4*f + 272. Calculate the highest common factor of b and 126.
18
Let k(t) = 3*t**2 - 27*t + 3. Let f be 2/9 + (-97)/(-9). Let u be k(f). Suppose -75 = -u*v + 64*v. What is the greatest common factor of 105 and v?
15
Suppose 858 = 5*p - 2*k + 193, 4*k = -4*p + 532. Calculate the highest common divisor of p and 1102.
19
Suppose -155*a + 5485 + 22115 = -75*a. What is the greatest common factor of a and 5313?
69
Let l = 7170 + -4628. Calculate the greatest common factor of 341 and l.
31
Suppose -65 - 21 = -2*r. Let x = -37 + r. Let j be 105/9 - (-2)/x. Calculate the greatest common factor of j and 24.
12
Let q = 28 - 170. Let a = -236 - q. Let h = -75 - a. What is the highest common factor of h and 38?
19
Suppose -3*m = 50*g - 54*g - 1876, -7 = 7*g. Calculate the greatest common divisor of 4316 and m.
52
Let o = 1240 - -512. What is the highest common factor of o and 36?
12
Let u = 380 + -381. Let m(z) = -10*z**3 + 6*z**2 + 6*z + 1. Let y be m(u). Let h(q) = -11*q. Let f be h(-1). What is the greatest common factor of y and f?
11
Suppose 200*t + 3600 = 427*t - 191*t. What is the greatest common divisor of t and 575?
25
Let t be 1526/(-21)*27/(-6). Let b = 359 - t. What is the highest common divisor of b and 8?
8
Let h(j) be the first derivative of -23*j + 28 - 7*j**2 + 20/3*j**3 - 1/4*j**4. Let b be h(19). Calculate the highest common divisor of 24 and b.
24
Let j = 36 + -35. Let h be -51*(-5)/15*j. What is the greatest common divisor of h and 17?
17
Let t = 3543 - 3397. Calculate the highest common factor of t and 1971.
73
Suppose 2056292 = -577*f + 783*f. What is the highest common factor of f and 69?
23
Let w be -7*-9*88/28. Let x = 8665 - 8401. Calculate the greatest common divisor of x and w.
66
Let a = 197 - 194. Let y be 946/110 + a/(-5). Let t be (-15 - -9)*(-11 - 1). Calculate the greatest common factor of y and t.
8
Let w(v) = 21*v**2 - 51*v - 1981. Let b be w(-20). Calculate the highest common divisor of 129 and b.
43
Let u = -2675 + 2760. Calculate the highest common factor of 2465 and u.
85
Suppose 6 = -4*l - 2. Let h = l - -4. Suppose -4*x + 280 = 4*k, h*x - 112 = 4*k + k. Calculate the greatest common divisor of 11 and x.
11
Let d = -16208 + 16229. Calculate the highest common factor of d and 8267.
7
Let t(q) = -64*q**3 - 2*q**2 - q. Let k be 45/(-18)*(-2)/(-5). Let c be t(k). Calculate the highest common divisor of 819 and c.
63
Let w = -11812 + 11818. Suppose 12 = -4*y, -2*i + 0*y - 5*y - 5 = 0. Suppose 2*n - 7*n = i*f - 60, -48 = -4*n - f. What is the highest common factor of w and n?
6
Let w be -1 + (-194)/(-10) - (-76)/(-190). Let t(a) = -a**3 + 10*a**2 + 6. Let d = 13 - 3. Let i be t(d). Calculate the highest common factor of w and i.
6
Suppose -s + 3*s = -2*j - 1260, 4*j + 8 = 0. Let c = 884 + s. What is the greatest common factor of 8 and c?
8
Suppose 1050 = 5*h + 5*m, 0 = -2*h - 23*m + 20*m + 420. What is the greatest common factor of h and 924?
42
Let k(a) = 29*a**2 - 20*a - 123. Let h be k(-5). Suppose 14*w - 32*w = -h. What is the highest common factor of 26 and w?
13
Suppose -4*n = 12 - 4. Let x be n - (1 - -1)*13/26. Let y be (x - 3)*-1 - 3. What is the highest common divisor of 3 and y?
3
Let k be 9/(0 + (-3)/(-2)). Let f(l) = -222*l - 10332. Let d be f(-47). Calculate the highest common factor of k and d.
6
Suppose -664 = 6*t - 256. Let y be (-6 + 22)/(2/t*-4). Calculate the highest common divisor of 34 and y.
34
Suppose 0 = 3*o - o + 4, t - o + 23 = 0. Let f = t - -31. Let p be -1 + f/3 + 2. Calculate the highest common factor of p and 24.
3
Suppose -67 = -y - 3*k + 31, -5*k = -y + 50. Calculate the greatest common divisor of y and 15.
5
Let m(t) = 9*t**2 + 7*t - 7. Let z be m(2). Let f be (-3)/7 - 608/(-14). What is the highest common factor of f and z?
43
Let y = -2644 + 3996. What is the greatest common factor of y and 8?
8
Let z(v) = 15*v - 18*v + 26 - 23*v + 4*v**2. Let j be z(8). Calculate the highest common factor of 814 and j.
74
Suppose 0 = 28*i + 14*i - 672. Calculate the highest common factor of 14 and i.
2
Suppose 5*f + o = 2*f + 5, -4 = 4*o. Let y 